{"id":129,"date":"2025-03-20T11:15:40","date_gmt":"2025-03-20T11:15:40","guid":{"rendered":"https:\/\/polaris-mh.ro\/?page_id=129"},"modified":"2025-06-24T09:55:10","modified_gmt":"2025-06-24T09:55:10","slug":"parc-auto","status":"publish","type":"page","link":"https:\/\/polaris-mh.ro\/index.php\/parc-auto\/","title":{"rendered":"Parc Auto"},"content":{"rendered":"<div class=\"nicepage-container\"><div class=\"\" style=\"\" >        <script>\n            (function ($) {\n                var ResponsiveCms = window.ResponsiveCms;\n                if (!ResponsiveCms) {\n                    return;\n                }\n                ResponsiveCms.contentDom = $('script:last').parent();\n                ResponsiveCms.prevMode = \"SM\";\n\n                if (typeof ResponsiveCms.recalcClasses === 'function') {\n                    ResponsiveCms.recalcClasses();\n                }\n            })(jQuery);\n        <\/script>\n        \n    \n    <section class=\"u-clearfix u-custom-color-1 u-valign-top-lg u-valign-top-md u-valign-top-sm u-section-2\" id=\"sec-a941\">\n      <img decoding=\"async\" class=\"u-expanded-width u-image u-image-default u-image-1\" alt=\"\" src=\"https:\/\/polaris-mh.ro\/wp-content\/uploads\/2025\/04\/404-Converted-2-scaled.jpg\" data-image-width=\"3000\" data-image-height=\"1057\">\n      <h1 class=\"u-align-center u-custom-font u-font-raleway u-text u-text-custom-color-4 u-text-1\">Parc Auto<br>Polaris M Holding\n      <\/h1>\n      <p class=\"u-align-center u-custom-font u-font-raleway u-text u-text-custom-color-4 u-text-2\"> Bulevarde \u0219i str\u0103zi curate, cartiere bine \u00eentre\u021binute, colectare selectiv\u0103 \u2014 toate sunt rezultatul muncii unei echipe dedicate, sus\u021binut\u0103 de o flot\u0103 impresionant\u0103 de utilaje: Parcul Auto Polaris M Holding.&nbsp;<\/p>\n    <\/section>\n    <section class=\"u-align-left u-clearfix u-container-align-center-xs u-container-align-left u-container-align-left-lg u-container-align-left-md u-container-align-left-sm u-container-align-left-xl u-image u-section-3\" id=\"sec-dde8\" style=\"background-image: url(&quot;https:\/\/polaris-mh.ro\/wp-content\/uploads\/2025\/04\/background-website-oficial.jpg&quot;);\">\n      <div class=\"u-clearfix u-sheet u-valign-middle-lg u-valign-middle-md u-valign-middle-sm u-sheet-1\">\n        <h5 class=\"u-align-center-xs u-custom-font u-font-raleway u-text u-text-black u-text-1\">POLARIS M HOLDING<\/h5>\n        <h1 class=\"u-align-center-xs u-custom-font u-font-raleway u-text u-text-black u-text-2\"> Am investit \u00een tehnologie<\/h1>\n        <div class=\"u-expanded-width u-list u-list-1\">\n          <div class=\"u-repeater u-repeater-1\">\n            <div class=\"u-container-style u-list-item u-repeater-item u-white\">\n              <div class=\"u-container-layout u-similar-container u-valign-top-lg u-valign-top-md u-valign-top-sm u-container-layout-1\">\n                <p class=\"u-align-center-xs u-custom-font u-font-raleway u-font-source-sans-pro u-text u-text-black u-text-3\"> Con\u0219tientizarea unui comportament\nresponsabil fa\u021b\u0103 de mediu \u0219i necesitatea de a oferi servicii complexe \u0219i de\ncalitate comunit\u0103\u021bii au determinat firma Polaris M Holding s\u0103 investeasc\u0103\npermanent \u00een re\u00eennoirea parcului auto. Astfel, doar pe parcursul acestui an,\nflota auto s-a m\u0103rit cu peste 50 de utilaje \u0219i autospeciale noi.\n\u00cen\nprezent, parcul auto are o capacitate de peste 300 de autoutilitare, ce respect\u0103\nnormele de poluare admise EURO 6 si cuprinde o gam\u0103 completa de autovehicule,\nechipamente si utilaje moderne pentru executarea \u00een&nbsp; condi\u021bii optime a &nbsp;serviciilor de salubrizare.<\/p>\n                <div class=\"u-border-1 u-border-grey-70 u-expanded-width-xs u-line u-line-horizontal u-line-1\"><\/div>\n              <\/div>\n            <\/div>\n            <div class=\"u-container-style u-list-item u-repeater-item u-white\">\n              <div class=\"u-container-layout u-similar-container u-valign-top-lg u-valign-top-md u-valign-top-sm u-container-layout-2\">\n                <p class=\"u-align-center-xs u-custom-font u-font-raleway u-font-source-sans-pro u-text u-text-black u-text-4\"> Eficientizarea &nbsp;sistemului de gestionare a &nbsp;de\u0219eurilor municipale se bazeaza at\u00e2t pe calitatea\nmijloacelor de colectare \u0219i transport, c\u00e2t \u0219i pe optimizarea infrastructurii\ntehnico-edilitara specific\u0103. Din acest motiv, Polaris M Holding a investit\npeste 2 miloane de euro \u00een 6 sta\u021bii de transfer \u0219i a construit 2 sta\u021bii de\nsortare a de\u0219eurilor \u00een municipiile Constan\u021ba \u0219i Arad.<br>\n                <\/p>\n                <div class=\"u-border-1 u-border-grey-70 u-expanded-width-xs u-line u-line-horizontal u-line-2\"><\/div>\n              <\/div>\n            <\/div>\n            <div class=\"u-container-style u-list-item u-repeater-item u-white\">\n              <div class=\"u-container-layout u-similar-container u-valign-top-lg u-valign-top-md u-valign-top-sm u-container-layout-3\">\n                <p class=\"u-align-center-xs u-custom-font u-font-raleway u-font-source-sans-pro u-text u-text-black u-text-5\"> Din dorin\u021ba de a presta servicii de calitate \u0219i\neficiente, toate autogunoierele de\u021bin&nbsp;\nsisteme de localizare si pozitionare G.P.S., pentru a putea&nbsp; verifica cu exactitate &nbsp;at\u00e2t pozi\u021biile autovehiculelor c\u00e2t \u0219i\nrespectarea graficelor de lucru.<\/p>\n                <div class=\"u-border-1 u-border-grey-70 u-expanded-width-xs u-line u-line-horizontal u-line-3\"><\/div>\n              <\/div>\n            <\/div>\n            <div class=\"u-container-style u-list-item u-repeater-item u-white\">\n              <div class=\"u-container-layout u-similar-container u-valign-top-lg u-valign-top-md u-valign-top-sm u-container-layout-4\">\n                <p class=\"u-align-center-xs u-custom-font u-font-raleway u-font-source-sans-pro u-text u-text-black u-text-6\"> Investi\u021biile permanente \u00een re\u00eennoirea\nparcului auto, protejarea mediului \u00eenconjur\u0103tor, respectarea normelor de protec\u021bia\nmuncii si a programelor de responsabilitate social\u0103 se reflect\u0103 \u00een pozi\u021bionarea\nexcelent\u0103 a companiei Polaris pe pia\u021ba serviciilor de management al deseurilor\nsi \u00een certific\u0103rile ob\u021binute.<br>\n                <\/p>\n                <div class=\"u-border-1 u-border-grey-70 u-expanded-width-xs u-line u-line-horizontal u-line-4\"><\/div>\n              <\/div>\n            <\/div>\n          <\/div>\n        <\/div>\n      <\/div>\n    <\/section>\n    <section class=\"u-clearfix u-container-align-center u-gradient u-section-4\" id=\"sec-e077\">\n      <div class=\"u-clearfix u-sheet u-valign-middle-lg u-valign-middle-sm u-sheet-1\">\n        <h3 class=\"u-align-center u-custom-font u-font-raleway u-text u-text-black u-text-1\"> Investim permanent &nbsp;\u00een &nbsp;calitatea serviciilor prestate \u0219i \u00een\npreg\u0103tirea profesional\u0103 a angaja\u021bilor<\/h3>\n        <p class=\"u-align-center u-custom-font u-font-raleway u-text u-text-black u-text-2\">&#x2714; \u200bCre\u0219terea calit\u0103\u021bii serviciilor prestate \u0219i investi\u021bia\n\u00een factorul uman sunt doua elemente interdependente.<br>\n          <br>&#x2714; \u200bDeoarece consider\u0103m c\u0103 potentialul uman\nreprezint\u0103 cea mai importanta resurs\u0103, f\u0103r\u0103 de care nu putem crea plusvaloare \u00een\ncompania noastr\u0103, investim permanent \u00een preg\u0103tirea profesional\u0103 a angaja\u021bilor\nno\u0219tri, prin cursuri de perfectionare, calificare \u0219i recalificare.<br>\n          <br>&#x2714; \u200bPentru a respecta criteriile de performanta, de\ndezvoltare \u0219i eficien\u021b\u0103 cerute de popula\u021bie \u0219i agentii economici, investim\npermanent \u00een pricipalii factori de dezvoltare, uman \u0219i tehnologic\n        <\/p>\n      <\/div>\n    <\/section>\n    <section class=\"u-align-center u-clearfix u-container-align-center u-white u-section-5\" id=\"sec-ef99\">\n      <div class=\"u-clearfix u-sheet u-valign-middle-lg u-valign-middle-md u-valign-middle-sm u-sheet-1\">\n        <h2 class=\"u-align-center u-custom-font u-font-raleway u-text u-text-black u-text-default-lg u-text-default-md u-text-default-sm u-text-default-xl u-text-1\">Echipamentele noastre<\/h2>\n        <p class=\"u-align-center u-custom-font u-font-raleway u-text u-text-black u-text-2\"> Cu o infrastructur\u0103 tehnologic\u0103 modern\u0103, parc\u200bul nostru auto este format dintr-o gam\u0103 diversificat\u0103 de vehicule specializate<\/p>\n        <div class=\"data-layout-selected u-clearfix u-expanded-width u-gutter-10 u-layout-wrap u-layout-wrap-1\">\n          <div class=\"u-gutter-0 u-layout\">\n            <div class=\"u-layout-row\">\n              <div class=\"u-size-30 u-size-60-md\">\n                <div class=\"u-layout-col\">\n                  <div class=\"u-container-style u-image u-layout-cell u-left-cell u-size-60 u-image-1\" src=\"\" data-image-width=\"1616\" data-image-height=\"1080\" style=\"background-image: url(&quot;https:\/\/polaris-mh.ro\/wp-content\/uploads\/2025\/06\/DSC00428.jpg&quot;);\">\n                    <div class=\"u-container-layout u-container-layout-1\"><\/div>\n                  <\/div>\n                <\/div>\n              <\/div>\n              <div class=\"u-size-30 u-size-60-md\">\n                <div class=\"u-layout-col\">\n                  <div class=\"u-size-40\">\n                    <div class=\"u-layout-row\">\n                      <div class=\"u-container-style u-image u-layout-cell u-right-cell u-size-60 u-image-2\" src=\"\" data-image-width=\"1616\" data-image-height=\"1080\" style=\"background-image: url(&quot;https:\/\/polaris-mh.ro\/wp-content\/uploads\/2025\/06\/DSC00381.jpg&quot;);\">\n                        <div class=\"u-container-layout u-container-layout-2\"><\/div>\n                      <\/div>\n                    <\/div>\n                  <\/div>\n                  <div class=\"u-size-20\">\n                    <div class=\"u-layout-row\">\n                      <div class=\"u-container-style u-image u-layout-cell u-size-30 u-image-3\" src=\"\" data-image-width=\"1616\" data-image-height=\"1080\" style=\"background-image: url(&quot;https:\/\/polaris-mh.ro\/wp-content\/uploads\/2025\/06\/DSC00438.jpg&quot;);\">\n                        <div class=\"u-container-layout u-container-layout-3\"><\/div>\n                      <\/div>\n                      <div class=\"u-container-style u-image u-layout-cell u-right-cell u-size-30 u-image-4\" src=\"\" data-image-width=\"1616\" data-image-height=\"1080\" style=\"background-image: url(&quot;https:\/\/polaris-mh.ro\/wp-content\/uploads\/2025\/06\/DSC00518.jpg&quot;);\">\n                        <div class=\"u-container-layout u-container-layout-4\"><\/div>\n                      <\/div>\n                    <\/div>\n                  <\/div>\n                <\/div>\n              <\/div>\n            <\/div>\n          <\/div>\n        <\/div>\n      <\/div>\n    <\/section>\n    <section class=\"u-clearfix u-gradient u-section-6\" id=\"sec-7fc8\">\n      <div class=\"u-clearfix u-sheet u-valign-middle-xs u-sheet-1\">\n        <div class=\"data-layout-selected u-clearfix u-expanded-width u-layout-wrap u-layout-wrap-1\">\n          <div class=\"u-layout\" style=\"\">\n            <div class=\"u-layout-row\" style=\"\">\n              <div class=\"u-container-style u-layout-cell u-left-cell u-size-20 u-size-20-md u-layout-cell-1\">\n                <div class=\"u-container-layout u-container-layout-1\">\n                  <img decoding=\"async\" class=\"u-expanded-width-md u-expanded-width-sm u-expanded-width-xs u-image u-image-1\" src=\"https:\/\/polaris-mh.ro\/wp-content\/uploads\/2025\/04\/polaris-masina-salubrizare-scaled.jpg\" data-image-width=\"1658\" data-image-height=\"2822\">\n                <\/div>\n              <\/div>\n              <div class=\"u-container-style u-layout-cell u-size-20 u-size-20-md u-layout-cell-2\">\n                <div class=\"u-container-layout\">\n                  <h2 class=\"u-align-center-xs u-custom-font u-font-raleway u-text u-text-black u-text-1\">Parc Auto<\/h2>\n                  <h5 class=\"u-align-center-xs u-custom-font u-font-raleway u-text u-text-black u-text-2\">Informatii<\/h5>\n                  <ul class=\"u-align-center-xs u-custom-font u-font-raleway u-spacing-16 u-text u-text-black u-text-3\">\n                    <li style=\"\"><i style=\"\">Autom\u0103turi stradale<\/i>\n                    <\/li>\n                    <li><i>Autom\u0103turi pentru alei \u0219i\n     trotuare<\/i>\n                    <\/li>\n                    <li><i style=\"font-size: 1rem;\">Aspiratoare stradale<\/i>\n                    <\/li>\n                    <li><i>Autospeciale pentru\n     transport de containere \u0219i pubele<\/i>\n                    <\/li>\n                    <li><i>Autospeciale de sp\u0103lat \u0219i\n     igienizat containere \u0219i pubele pentru deseuri municipale<\/i>\n                    <\/li>\n                    <li><i>Autospeciale pentru\n     stropit\/sp\u0103lat carosabil sau combaterea poleiului cu solu\u021bie de clorur\u0103 de\n     calciu;<\/i>\n                    <\/li>\n                    <li><i>Autogunoiere de 73,\n     143&nbsp;, 163, 183<\/i>\n                    <\/li>\n                    <li><i>Autospeciale multifunc\u021bionale\n     tip hooklift (cu bra\u021b ridic\u0103tor )\u0219i macara, care pot fi echipate cu:<br><\/i><i>&#x2714;<\/i><i> Suprastructura de \u00eempr\u0103\u0219tiat material\n     antiderapant<br><\/i><i>&#x2714;<\/i><i> Suprastructura tip cistern\u0103 pentru stropit\/sp\u0103lat\n     carosabil sau combaterea poleiului cu solu\u021bie de clorur\u0103 de calciu<br><\/i><i>&#x2714;<\/i><i> Container de 17 si 193<\/i>\n                      <br><i>Autospeciale multifun\u021bionale\n     care pot fi echipate cu:<br><\/i><i>&#x2714;<\/i><i> Suprastructur\u0103 pentru maturat\/aspirat carosabil<br><\/i><i>&#x2714;<\/i><i> Suprastructur\u0103 pentru \u00eemprastiat material\n     antiderapant<\/i>\n                    <\/li>\n                  <\/ul>\n                <\/div>\n              <\/div>\n              <div class=\"u-container-style u-layout-cell u-right-cell u-size-20 u-size-20-md u-layout-cell-3\">\n                <div class=\"u-container-layout u-valign-middle-sm u-container-layout-3\">\n                  <ul class=\"u-align-center-xs u-custom-font u-font-raleway u-spacing-16 u-text u-text-black u-text-4\">\n                    <li><i>Autospeciale cu macara, tip\n     Graifer, utilizate la colectarea separat\u0103 a de\u0219eurilor inerte, dar \u0219i\n     pentru colectare containere de tip igloo-uri<\/i>\n                      <br>\n                      <br><i>Autospeciale multiben\u0103 tip\n     Skiploader (container de 5.53), utilizate special pentru de\u0219euri inerte<\/i>\n                      <br>\n                      <br><i>Autospeciale multifunc\u021bionale\n     tip hooklift (cu bra\u021b ridic\u0103tor), care pot fi echipate cu:<br><\/i><i>&#x2714;<\/i><i> Suprastructur\u0103 tip cistern\u0103 pentru stropit\/sp\u0103lat\n     carosabil sau combaterea poleiului cu solu\u021bie de clorur\u0103 de calciu<br><\/i><i>&#x2714;<\/i><i> Container de 63<\/i>\n                      <br>\n                      <br><i>Autoutilitare folosite\n     pentru \u00eendep\u0103rtarea z\u0103pezii\u0219si combaterea poleiului pe alei \u0219i str\u0103zi \u00eenguste<\/i>\n                      <br>\n                      <br><i>Lame pentru \u00eendep\u0103rtarea z\u0103pezi,i\n     montate pe autovehicule<\/i>\n                    <\/li>\n                  <\/ul>\n                <\/div>\n              <\/div>\n            <\/div>\n          <\/div>\n        <\/div>\n      <\/div>\n    <\/section>\n    <section class=\"u-clearfix u-grey-light-2 u-typography-custom-page-typography-12--Map u-section-7\" id=\"sec-3c5e\">\n      <div class=\"u-absolute-hcenter-md u-absolute-hcenter-sm u-absolute-hcenter-xs u-expanded u-grey-light-2 u-map\">\n        <div class=\"embed-responsive\">\n          <iframe class=\"embed-responsive-item\" src=\"https:\/\/maps.google.com\/maps?output=embed&amp;q=Strada%20Spiru%20Haret%2C%202A%20Constanta&amp;t=m\" data-map=\"JTdCJTIycG9zaXRpb25UeXBlJTIyJTNBJTIybWFwLWFkZHJlc3MlMjIlMkMlMjJhZGRyZXNzJTIyJTNBJTIyU3RyYWRhJTIwU3BpcnUlMjBIYXJldCUyQyUyMDJBJTIwQ29uc3RhbnRhJTIyJTJDJTIyem9vbSUyMiUzQW51bGwlMkMlMjJ0eXBlSWQlMjIlM0ElMjJyb2FkJTIyJTJDJTIybGFuZyUyMiUzQW51bGwlMkMlMjJhcGlLZXklMjIlM0FudWxsJTJDJTIybWFya2VycyUyMiUzQSU1QiU1RCU3RA==\"><\/iframe>\n        <\/div>\n      <\/div>\n    <\/section>\n    \n    \n    \n    \n  \n<\/div><\/div>","protected":false},"excerpt":{"rendered":"<p>Parc AutoPolaris M Holding Bulevarde \u0219i str\u0103zi curate, cartiere bine \u00eentre\u021binute, colectare selectiv\u0103 \u2014 toate sunt rezultatul muncii unei echipe dedicate, sus\u021binut\u0103 de o flot\u0103 impresionant\u0103 de utilaje: Parcul Auto Polaris M Holding.&nbsp; POLARIS M HOLDING Am investit \u00een tehnologie Con\u0219tientizarea unui comportament responsabil fa\u021b\u0103 de mediu \u0219i necesitatea de a oferi servicii complexe \u0219i [&hellip;]<\/p>\n","protected":false},"author":1,"featured_media":0,"parent":0,"menu_order":0,"comment_status":"closed","ping_status":"closed","template":"elementor_header_footer","meta":{"footnotes":""},"class_list":["post-129","page","type-page","status-publish","hentry"],"_links":{"self":[{"href":"https:\/\/polaris-mh.ro\/index.php\/wp-json\/wp\/v2\/pages\/129","targetHints":{"allow":["GET"]}}],"collection":[{"href":"https:\/\/polaris-mh.ro\/index.php\/wp-json\/wp\/v2\/pages"}],"about":[{"href":"https:\/\/polaris-mh.ro\/index.php\/wp-json\/wp\/v2\/types\/page"}],"author":[{"embeddable":true,"href":"https:\/\/polaris-mh.ro\/index.php\/wp-json\/wp\/v2\/users\/1"}],"replies":[{"embeddable":true,"href":"https:\/\/polaris-mh.ro\/index.php\/wp-json\/wp\/v2\/comments?post=129"}],"version-history":[{"count":8,"href":"https:\/\/polaris-mh.ro\/index.php\/wp-json\/wp\/v2\/pages\/129\/revisions"}],"predecessor-version":[{"id":1447,"href":"https:\/\/polaris-mh.ro\/index.php\/wp-json\/wp\/v2\/pages\/129\/revisions\/1447"}],"wp:attachment":[{"href":"https:\/\/polaris-mh.ro\/index.php\/wp-json\/wp\/v2\/media?parent=129"}],"curies":[{"name":"wp","href":"https:\/\/api.w.org\/{rel}","templated":true}]}}