{"id":1462,"date":"2025-06-23T09:26:14","date_gmt":"2025-06-23T09:26:14","guid":{"rendered":"https:\/\/polaris-mh.ro\/?page_id=1462"},"modified":"2025-06-23T09:26:14","modified_gmt":"2025-06-23T09:26:14","slug":"politica-de-confidentialitate","status":"publish","type":"page","link":"https:\/\/polaris-mh.ro\/index.php\/politica-de-confidentialitate\/","title":{"rendered":"Politica de Confidentialitate"},"content":{"rendered":"\n<p>POLARIS M.HOLDING SRL ( <strong>Polaris.ro )<\/strong> se angajeaza sa prelucreze datele personale in conformitate cu normele legale aplicabile in vigoare in Romania, precum si cu principiile stabilite in Regulamentul (UE) 2016\/679 al Parlamentului European si al Consiliului din 27 aprilie 2016 privind protectia persoanelor fizice in ceea ce priveste prelucrarea datelor cu caracter personal si privind libera circulatie a acestor date si de abrogare a Directivei 95\/46\/CE (\u201eRegulamentul general privind protectia datelor\u201d sau \u201eGDPR\u201d).<\/p>\n\n\n\n<p>Pentru realizarea acestui obiectiv, colectam, procesam si stocam datele cu caracter personal ale persoanelor vizate in conformitate cu cerintele impuse de reglementarile privind protectia datelor cu caracter personal.<\/p>\n\n\n\n<p>Aceasta politica explica modul in care putem colecta, precesa si stoca date cu caracter personal sau informatii cu privire la persoanele vizate si descrie drepturile pe care le aveti cu privire la datele dvs. personale, in calitate de persoane vizate. Va invitam sa acordati cateva momente pentru a citi aceasta politica cu atentie.<\/p>\n\n\n\n<p><em>Definitii<\/em><\/p>\n\n\n\n<p>1.\u201edate cu caracter personal\u201d \u00eenseamn\u0103 orice informa\u021bii privind o persoan\u0103 fizic\u0103 identificat\u0103 sau identificabil\u0103 (\u201epersoana vizat\u0103\u201d); o persoan\u0103 fizic\u0103 identificabil\u0103 este o persoan\u0103 care poate fi identificat\u0103, direct sau indirect, \u00een special prin referire la un element de identificare, cum ar fi un nume, un num\u0103r de identificare, date de localizare, un identificator online, sau la unul sau mai multe elemente specifice, proprii identit\u0103\u021bii sale fizice, fiziologice, genetice, psihice, economice, culturale sau sociale;<\/p>\n\n\n\n<p>2. \u201eprelucrare\u201d \u00eenseamn\u0103 orice opera\u021biune sau set de opera\u021biuni efectuate asupra datelor cu caracter personal sau asupra seturilor de date cu caracter personal, cu sau f\u0103r\u0103 utilizarea de mijloace automatizate, cum ar fi colectarea, \u00eenregistrarea, organizarea, structurarea, stocarea, adaptarea sau modificarea, extragerea, consultarea, utilizarea, divulgarea prin transmitere, diseminarea sau punerea la dispozi\u021bie \u00een orice alt mod, alinierea sau combinarea, restric\u021bionarea, \u0219tergerea sau distrugerea;<\/p>\n\n\n\n<p>3. \u201erestric\u021bionarea prelucr\u0103rii\u201d \u00eenseamn\u0103 marcarea datelor cu caracter personal stocate cu scopul de a limita prelucrarea viitoare a acestora;<\/p>\n\n\n\n<p>4. \u201eoperator\u201d \u00eenseamn\u0103 persoana fizic\u0103 sau juridic\u0103, autoritatea public\u0103, agen\u021bia sau alt organism care, singur sau \u00eempreun\u0103 cu altele, stabile\u0219te scopurile \u0219i mijloacele de prelucrare a datelor cu caracter personal; atunci c\u00e2nd scopurile \u0219i mijloacele prelucr\u0103rii sunt stabilite prin dreptul Uniunii sau dreptul intern, operatorul sau criteriile specifice pentru desemnarea acestuia pot fi prev\u0103zute \u00een dreptul Uniunii sau \u00een dreptul intern;<\/p>\n\n\n\n<p>5. \u201epersoan\u0103 \u00eemputernicit\u0103 de operator\u201d \u00eenseamn\u0103 persoana fizic\u0103 sau juridic\u0103, autoritatea public\u0103, agen\u021bia sau alt organism care prelucreaz\u0103 datele cu caracter personal \u00een numele operatorului;<\/p>\n\n\n\n<p>6. \u201econsim\u021b\u0103m\u00e2nt\u201d al persoanei vizate \u00eenseamn\u0103 orice manifestare de voin\u021b\u0103 liber\u0103, specific\u0103, informat\u0103 \u0219i lipsit\u0103 de ambiguitate a persoanei vizate prin care aceasta accept\u0103, printr-o declara\u021bie sau printr-o ac\u021biune f\u0103r\u0103 echivoc, ca datele cu caracter personal care o privesc s\u0103 fie prelucrate;<\/p>\n\n\n\n<p><em>Identitatea operatorului de date<\/em><\/p>\n\n\n\n<p>POLARIS M.HOLDING SRL ( <strong>Polaris.ro ) <\/strong>este persoan\u0103 juridic\u0103 rom\u00e2n\u0103, cu sediul \u00een Rom\u00e2nia, Mun. Constan\u0163a, Str. Spiru Haret Nr. 2A, Pavilion Administrativ, Parter, Cam.nr.1, Jud. Constan\u0163a, \u00eenmatriculat\u0103 la Oficiul Registrului Comertului Constan\u0163a sub nr. J1999001645132, Cod Unic de \u00cenregistrare (C.U.I.): 12079629 si este numit in continuare Furnizor.<\/p>\n\n\n\n<p><em>Scopul prelucrarii<\/em><\/p>\n\n\n\n<p>Datele colectate de acest website sunt prelucrate in urmatoarele scopuri:<\/p>\n\n\n\n<ul class=\"wp-block-list\">\n<li>Crearea si administrarea unui cont online;<\/li>\n\n\n\n<li>Prelucram datele dumneavoastra pentru a va putea crea contul de utilizator;<\/li>\n\n\n\n<li>Prelucram datele dumneavoastra pentru a putea inregistra si factura plati, dar si pentru a incheia contracte de prestari servicii;<\/li>\n\n\n\n<li>In scopul de a selecta \u0219i recruta cei mai buni candida\u021bi pentru posturile noastre vacante.<\/li>\n\n\n\n<li>In scopul stabilirii unei conversatii conform cererilor, sesizarilor, neregurilor confirmate de catre cetetan<\/li>\n<\/ul>\n\n\n\n<p><em>Apararea drepturilor in justitie<\/em><\/p>\n\n\n\n<p>Prelucram datele dumneavoastra necesare formularii unor intampinari, concluzii scrise, cereri, petitii, etc., doar in situatia in care suntem nevoiti sa ne aparam drepturile in instanta prentru recuperarea unor prejudicii cauzate sau atunci cand ne aparam drepturile pentru reclamatii nejustificate<\/p>\n\n\n\n<p><em>Proceduri si investigatii ale autoritatilor si\/sau organelor judiciare;<\/em><\/p>\n\n\n\n<p>Doar in situatii specifice, atunci cand exista solicitari specifice din partea autoritatilor si a institutiilor competente vom furniza datele dumneavoastra catre acestia conform legii.<\/p>\n\n\n\n<p><em>Temeiul juridic<\/em><\/p>\n\n\n\n<ul class=\"wp-block-list\">\n<li>Prelucrarea datelor necesare pentru crearea si administrarea unui cont de utilizator sunt prelucrate in baza temeiul juridic reglementat de Regulamentul General pentru<\/li>\n<\/ul>\n\n\n\n<p>Protectia Datelor (GDPR) la Art. 6, lit. a \u2013 consimtamantul acordat de persoana vizata;<\/p>\n\n\n\n<ul class=\"wp-block-list\">\n<li>Datele colectate pentru gestionarea contului dvs. efectuat prin intermediul site-ului online sunt prelucrate in baza temeiul juridic reglementat de Regulamentul General pentru Protectia Datelor (GDPR) la Art. 6, lit. b \u2013 executarea unui contract sau demersuri in vederea incheierii unui contract;<\/li>\n<\/ul>\n\n\n\n<ul class=\"wp-block-list\">\n<li>Datele colectate pentru Plata sunt prelucrate in baza temeiul juridic reglementat de Regulamentul General pentru Protectia Datelor (GDPR) la Art. 6, lit. b \u2013 executarea unui contract sau demersuri in vederea incheierii unui contract;<\/li>\n<\/ul>\n\n\n\n<ul class=\"wp-block-list\">\n<li>Datele colectate pentru Asistenta si Suport sunt prelucrate in baza temeiul juridic reglementat de Regulamentul General pentru Protectia Datelor (GDPR) la Art. 6, lit. a \u2013 consimtamantul acordat de persoana vizata;<\/li>\n<\/ul>\n\n\n\n<ul class=\"wp-block-list\">\n<li>Datele colectate in Scopuri de marketing sunt prelucrate in baza temeiului juridic reglementat de Regulamentul General pentru Protectia Datelor (GDPR) la Art. 6, lit. a \u2013 consimtamantul acordat de persoana vizata;<\/li>\n<\/ul>\n\n\n\n<ul class=\"wp-block-list\">\n<li>Datele colectate In scopul imbunatatirii serviciilor sunt prelucrate in baza temeiul juridic reglementat de Regulamentul General pentru Protectia Datelor (GDPR) la Art. 6, lit. a \u2013 consimtamantul acordat de persoana vizata;<\/li>\n<\/ul>\n\n\n\n<ul class=\"wp-block-list\">\n<li>Datele colectate pentru a asigura Mentenanta si securizarea website-ului sunt prelucrate in baza temeiul juridic reglementat de Regulamentul General pentru Protectia Datelor (GDPR) la Art. 6, lit. f \u2013 prelucrarea este necesara in scopul intereselor legitime urmarite de operator sau de o parte terta;<\/li>\n<\/ul>\n\n\n\n<ul class=\"wp-block-list\">\n<li>Datele colectate pentru indeplinirea scopului de Audit si raportari sunt prelucrate in baza temeiul juridic reglementat de Regulamentul General pentru Protectia Datelor (GDPR) la Art. 6, lit. c \u2013 prelucrarea este necesara in vederea indeplinirii unei obligatii legale care ii revine operatorului;<\/li>\n<\/ul>\n\n\n\n<ul class=\"wp-block-list\">\n<li>Utilizarea datelor pentru Apararea drepturilor in justitie se realizaeaza in baza temeiul juridic reglementat de Regulamentul General pentru Protectia Datelor (GDPR) la Art. 6, lit. f \u2013 prelucrarea este necesara in scopul intereselor legitime urmarite de operator sau de o parte terta;<\/li>\n<\/ul>\n\n\n\n<ul class=\"wp-block-list\">\n<li>Utilizarea datelor necesare ueni Proceduri si investigatii ale autoritatilor si\/sau organelor judiciare se realizeaza in baza temeiul juridic reglementat de Regulamentul General pentru Protectia Datelor (GDPR) la Art. 6, lit. c \u2013 prelucrarea este necesara in vederea indeplinirii unei obligatii legale care ii revine operatorului.<\/li>\n<\/ul>\n\n\n\n<p><em>Datele prelucrate<\/em><\/p>\n\n\n\n<ul class=\"wp-block-list\">\n<li>Vom prelucra datele dumneavoastra cu caracter personal pentru crearea si administrarea unui cont in cadrul site-ului online, dar si \u00een scopul de a selecta cei mai buni candida\u021bi pentru posturile noastre vacante, prelucram urmatoarele date cu caracter personal: E-mail, Nume, Prenume, Adresa, Numar de telefon, Numar de factura, Permis de conducere, Studii;<\/li>\n\n\n\n<li>Pentru Plata facturilor prelucram urmatoarele datele: Contul Bancar ( IBAN, Nume Platitor, BIC\/SWIFT banca);<\/li>\n\n\n\n<li>Pentru Asigurarea serviciilor asistenta si suport, precum administrarea contului, prelucram urmatoarele date cu caracter personal: Nume, Prenume, Adresa de e-mail, Numar de telefon;<\/li>\n\n\n\n<li>Pentru indeplinirea scopului de imbunatatire a serviciilor prelucram urmatoarele date cu caracter personal: Nume, Prenume, Adresa de E-mail, Numar de telefon;<\/li>\n\n\n\n<li>Pentru scopul de Mentenanta si securizarea website-ului prelucram urmatoarele date cu caracter personal: Adresa IP, Browser-ul de internet utilizat, Date de Protocol HTTP\/HTTPS, locatia dispozituvului(doar daca ati autorizat dispozitivul sa furnizeze geolocatia);<\/li>\n\n\n\n<li>Pentru indeplinirea scoului privind Auditul si raportarile prelucram datele dumneavoastra pentru a ne conforma normelor legale aplicate in materie fiscala si contabila;<\/li>\n\n\n\n<li>Pentru scopul de Apararea drepturilor in justitie prelucram doar datele necesare investigatiei si solutionarii cazului;<\/li>\n\n\n\n<li>In situatia unor Proceduri si investigatii ale autoritatilor si\/sau organelor judiciare vom pune la dispozitie datele solicitate acestia.<\/li>\n<\/ul>\n\n\n\n<p><em>Perioadele de stocare<\/em><\/p>\n\n\n\n<p>Datele colectate in scopul crearii si administrarii contului se vor stoca cat timp aveti un cont activ.<\/p>\n\n\n\n<p><em>Confidentialitate<\/em><\/p>\n\n\n\n<p>Datele dumneavoastra sunt prelucrate si stocate in conditii de siguranta pe servere securizate, conform normelor legale in vigoare.<\/p>\n\n\n\n<p><em>Drepturile tale<\/em><\/p>\n\n\n\n<p>Conform legii, persoanele vizate beneficiaza de o serie de drepturi, in calitate de persoana vizata, respectiv:<\/p>\n\n\n\n<p>a.&nbsp;&nbsp;&nbsp;&nbsp;&nbsp;&nbsp;&nbsp;Dreptul de acces: aveti dreptul de a obtine de la Operator confirmarea ca prelucreaza datele dvs. cu caracter personal, precum si informatii privind specificul prelucrarii cum ar fi: scopul, categoriile de date cu caracter personal prelucrate, destinatarii datelor, perioada pentru care datele sunt pastrate, existenta dreptului de rectificare, stergere sau restrictionare a prelucrarii. Acest drept va permite sa obtineti gratuit o copie a datelor cu caracter personal prelucrate, precum si contracost orice copii suplimentare;<\/p>\n\n\n\n<p>b.&nbsp;&nbsp;&nbsp;&nbsp;&nbsp;&nbsp;&nbsp;Dreptul de rectificare a datelor: persoanele vizate au dreptul de a solicita modificarea datelor lor cu caracter personal incorecte ori, dupa caz, completarea datele care sunt incomplete;<\/p>\n\n\n\n<p>c.&nbsp;&nbsp;&nbsp;&nbsp;&nbsp;&nbsp;&nbsp;Dreptul la stergere: puteti solicita stergerea datelor dvs. cu caracter personal atunci cand:<\/p>\n\n\n\n<p>&#8211; acestea nu mai sunt necesare pentru scopurile pentru care au fost colectate si sunt prelucrate;<\/p>\n\n\n\n<p>&#8211; datele cu caracter personal sunt prelucrate contrar legii;<\/p>\n\n\n\n<p>&#8211; datele cu caracter personal trebuie sterse conform legislatiei relevante.<\/p>\n\n\n\n<p>d.&nbsp;&nbsp;&nbsp;&nbsp;&nbsp;&nbsp;&nbsp;Restrictionare: aveti dreptul de a solicita restrictionarea prelucrarii datelor in urmatoarele situatii:<\/p>\n\n\n\n<p>&#8211; in cazul in care prelucrarea este ilegala, iar persoanele vizate se opun stergerii datelor cu caracter personal, solicitand in schimb restrictionarea utilizarii lor;<\/p>\n\n\n\n<p>&#8211; in cazul in care Organizatorul nu mai are nevoie de datele cu caracter personal in scopul prelucrarii, dar persoanele vizate le solicita pentru o actiune in instanta;<\/p>\n\n\n\n<p>e.&nbsp;&nbsp;&nbsp;&nbsp;&nbsp;&nbsp;&nbsp;&nbsp;Dreptul de a depune o plangere la autoritatea de supraveghere: persoanele vizate au dreptul de a depune o plangere la autoritatea de supraveghere a prelucrarii datelor in cazul in care considera ca le-au fost incalcate drepturile: Autoritatea Nationala pentru Supravegherea Prelucrarii Datelor cu Caracter Personal B-dul G-ral. Gheorghe Magheru 28-30 Sector 1, cod postal 010336 Bucuresti, Romania <a href=\"m&#97;&#x69;&#x6c;t&#111;&#58;&#x61;&#x6e;s&#112;&#100;&#x63;&#x70;&#64;&#100;&#x61;&#x74;&#x61;p&#114;&#x6f;&#x74;e&#99;&#116;&#x69;&#x6f;n&#46;&#114;&#x6f;\">&#x61;&#x6e;&#115;&#112;dc&#x70;&#x40;&#x64;&#97;ta&#x70;&#x72;&#x6f;&#116;&#101;c&#x74;&#x69;&#x6f;&#110;&#46;r&#x6f;<\/a>.<\/p>\n\n\n\n<p><em>Modalitati de exercitare a drepturilor<\/em><\/p>\n\n\n\n<p>Pentru orice solicitare legata de datele personale, in procesul de exercitare a drepturilor mentionate in capitolul anterior, persoana vizata poate contacta Operatorul prin oricare mijloace dintre cele urmatoare:<\/p>\n\n\n\n<p>Numar de telefon: 0728281761 si E-mail: <a href=\"ma&#105;&#108;&#116;&#111;&#x3a;&#x73;&#x65;&#x73;&#x69;za&#114;&#105;&#64;&#112;&#x6f;&#x6c;&#x61;&#x72;&#x69;s&#46;&#114;&#111;\">&#x73;e&#x73;i&#x7a;&#97;&#x72;&#105;&#64;&#x70;o&#x6c;&#97;&#x72;&#105;&#x73;&#46;r&#x6f;<\/a><\/p>\n\n\n\n<p><em>Dreptul de actualizare si modificare a politicii de confidentialitate<\/em><\/p>\n\n\n\n<p>Ne rezervam dreptul de a actualiza si modifica periodic aceasta Politica de Confidentialitate, pentru a reflecta orice modificari ale modului in care prelucram datele dumneavoastra cu caracter personal sau orice modificari ale cerintelor legale. In cazul oricarei astfel de modificari, vom afisa pe website-ul nostru versiunea modificata a Politicii de Confidentialitate, motiv pentru care va rugam sa verificati periodic continutul acestei Politici de Confidentialitate.<\/p>\n","protected":false},"excerpt":{"rendered":"<p>POLARIS M.HOLDING SRL ( Polaris.ro ) se angajeaza sa prelucreze datele personale in conformitate cu normele legale aplicabile in vigoare in Romania, precum si cu principiile stabilite in Regulamentul (UE) 2016\/679 al Parlamentului European si al Consiliului din 27 aprilie 2016 privind protectia persoanelor fizice in ceea ce priveste prelucrarea datelor cu caracter personal si [&hellip;]<\/p>\n","protected":false},"author":1,"featured_media":0,"parent":0,"menu_order":0,"comment_status":"closed","ping_status":"closed","template":"","meta":{"footnotes":""},"class_list":["post-1462","page","type-page","status-publish","hentry"],"_links":{"self":[{"href":"https:\/\/polaris-mh.ro\/index.php\/wp-json\/wp\/v2\/pages\/1462","targetHints":{"allow":["GET"]}}],"collection":[{"href":"https:\/\/polaris-mh.ro\/index.php\/wp-json\/wp\/v2\/pages"}],"about":[{"href":"https:\/\/polaris-mh.ro\/index.php\/wp-json\/wp\/v2\/types\/page"}],"author":[{"embeddable":true,"href":"https:\/\/polaris-mh.ro\/index.php\/wp-json\/wp\/v2\/users\/1"}],"replies":[{"embeddable":true,"href":"https:\/\/polaris-mh.ro\/index.php\/wp-json\/wp\/v2\/comments?post=1462"}],"version-history":[{"count":1,"href":"https:\/\/polaris-mh.ro\/index.php\/wp-json\/wp\/v2\/pages\/1462\/revisions"}],"predecessor-version":[{"id":1465,"href":"https:\/\/polaris-mh.ro\/index.php\/wp-json\/wp\/v2\/pages\/1462\/revisions\/1465"}],"wp:attachment":[{"href":"https:\/\/polaris-mh.ro\/index.php\/wp-json\/wp\/v2\/media?parent=1462"}],"curies":[{"name":"wp","href":"https:\/\/api.w.org\/{rel}","templated":true}]}}