{"id":979,"date":"2025-04-08T14:33:46","date_gmt":"2025-04-08T14:33:46","guid":{"rendered":"https:\/\/polaris-mh.ro\/?page_id=979"},"modified":"2025-07-02T10:30:09","modified_gmt":"2025-07-02T10:30:09","slug":"factura-electronica","status":"publish","type":"page","link":"https:\/\/polaris-mh.ro\/index.php\/factura-electronica\/","title":{"rendered":"Factura Electronica"},"content":{"rendered":"<div class=\"nicepage-container\"><div class=\"\" style=\"\" >        <script>\n            (function ($) {\n                var ResponsiveCms = window.ResponsiveCms;\n                if (!ResponsiveCms) {\n                    return;\n                }\n                ResponsiveCms.contentDom = $('script:last').parent();\n                ResponsiveCms.prevMode = \"SM\";\n\n                if (typeof ResponsiveCms.recalcClasses === 'function') {\n                    ResponsiveCms.recalcClasses();\n                }\n            })(jQuery);\n        <\/script>\n        \n    \n    <section class=\"u-align-center u-clearfix u-container-align-center u-white u-section-2\" id=\"sec-0bc8\">\n      <div class=\"u-clearfix u-sheet u-valign-middle-lg u-valign-middle-sm u-sheet-1\">\n        <h2 class=\"u-align-center u-text u-text-black u-text-default u-text-1\">Factur\u0103 Electronic\u0103<\/h2>\n        <p class=\"u-align-center u-text u-text-black u-text-default u-text-2\"> Activeaz\u0103-\u021bi Factura Electronic\u0103!<\/p>\n        <p class=\"u-align-center u-text u-text-black u-text-3\">Factura electronic\u0103 con\u021bine acelea\u0219i informa\u021bii precum factura tiparit\u0103, numai c\u0103 ajunge mult mai repede \u0219i o po\u021bi accesa de oriunde.<\/p>\n        <p class=\"u-align-center u-text u-text-black u-text-4\">D\u200bac\u0103 nu ai \u00eenc\u0103 un cont online activ, \u00ee\u021bi po\u021bi crea unul<\/p>\n        <a href=\"https:\/\/my.polaris.ro\/CreateAccount.aspx\" class=\"u-border-none u-btn u-btn-round u-button-style u-hover-black u-palette-1-base u-radius u-btn-1\">AICI<\/a>\n        <p class=\"u-align-center u-text u-text-black u-text-5\"> \u00cen vederea activ\u0103rii Coresponden\u021bei \u0219i Facturii electronice, te rug\u0103m s\u0103 selectezi zona din care faci parte \u0219i s\u0103 completezi formularul.<\/p>\n      <\/div>\n    <\/section>\n    <section class=\"u-clearfix u-white u-section-3\" id=\"sec-c085\">\n      <div class=\"u-clearfix u-sheet u-valign-middle-lg u-valign-middle-md u-valign-middle-sm u-valign-middle-xl u-sheet-1\">\n        <div class=\"u-expanded-width u-list u-list-1\">\n          <div class=\"u-repeater u-repeater-1\">\n            <div class=\"u-container-align-center u-container-style u-list-item u-repeater-item\">\n              <div class=\"u-container-layout u-similar-container u-valign-middle-lg u-valign-middle-md u-valign-middle-sm u-valign-middle-xs u-container-layout-1\">\n                <img decoding=\"async\" alt=\"\" class=\"u-image u-image-contain u-image-default u-image-1\" data-image-width=\"500\" data-image-height=\"783\" src=\"https:\/\/polaris-mh.ro\/wp-content\/uploads\/2025\/05\/albaiulia-2.png\">\n                <a href=\"https:\/\/polaris-mh.ro\/index.php\/alba-iulia\/\" class=\"u-border-1 u-border-custom-color-2 u-btn u-btn-round u-button-style u-custom-font u-font-raleway u-hover-custom-color-2 u-radius u-text-black u-btn-1\" data-animation-name=\"customAnimationIn\" data-animation-duration=\"1000\" data-animation-delay=\"0\">ALBA IULIA<\/a>\n              <\/div>\n            <\/div>\n            <div class=\"u-container-style u-list-item u-repeater-item\">\n              <div class=\"u-container-layout u-similar-container u-valign-middle-lg u-valign-middle-md u-valign-middle-sm u-valign-middle-xs u-container-layout-2\">\n                <img decoding=\"async\" alt=\"\" class=\"u-image u-image-contain u-image-default u-image-2\" data-image-width=\"256\" data-image-height=\"197\" src=\"https:\/\/polaris-mh.ro\/wp-content\/uploads\/2025\/05\/braila-2.jpeg\">\n                <a href=\"https:\/\/polaris-mh.ro\/index.php\/judet-braila\/\" class=\"u-border-1 u-border-custom-color-2 u-btn u-btn-round u-button-style u-custom-font u-font-raleway u-hover-custom-color-2 u-radius u-text-black u-btn-2\" data-animation-name=\"customAnimationIn\" data-animation-duration=\"1000\" data-animation-delay=\"0\">BR\u0102ILA<\/a>\n              <\/div>\n            <\/div>\n            <div class=\"u-container-style u-list-item u-repeater-item\">\n              <div class=\"u-container-layout u-similar-container u-valign-middle-lg u-valign-middle-md u-valign-middle-sm u-valign-middle-xs u-container-layout-3\">\n                <img decoding=\"async\" alt=\"\" class=\"u-image u-image-contain u-image-default u-image-3\" data-image-width=\"630\" data-image-height=\"250\" src=\"https:\/\/polaris-mh.ro\/wp-content\/uploads\/2025\/05\/logo-1-2.png\">\n                <a href=\"https:\/\/polaris-mh.ro\/index.php\/bumbesti-jiu\/\" class=\"u-border-1 u-border-custom-color-2 u-btn u-btn-round u-button-style u-custom-font u-font-raleway u-hover-custom-color-2 u-radius u-text-black u-btn-3\" data-animation-name=\"customAnimationIn\" data-animation-duration=\"1000\" data-animation-delay=\"0\">BUMBE\u0218TI JIU<\/a>\n              <\/div>\n            <\/div>\n            <div class=\"u-container-style u-list-item u-repeater-item\">\n              <div class=\"u-container-layout u-similar-container u-valign-middle-lg u-valign-middle-md u-valign-middle-sm u-valign-middle-xs u-container-layout-4\">\n                <img decoding=\"async\" alt=\"\" class=\"u-image u-image-contain u-image-default u-image-4\" data-image-width=\"284\" data-image-height=\"300\" src=\"https:\/\/polaris-mh.ro\/wp-content\/uploads\/2025\/05\/primaria-constanta-logo-ECE742E80C-seeklogo.com_-2.png\">\n                <a href=\"https:\/\/polaris-mh.ro\/index.php\/constanta\/\" class=\"u-border-1 u-border-custom-color-2 u-btn u-btn-round u-button-style u-custom-font u-font-raleway u-hover-custom-color-2 u-radius u-text-black u-btn-4\" data-animation-name=\"customAnimationIn\" data-animation-duration=\"1000\" data-animation-delay=\"0\">CONSTAN\u021aA<\/a>\n              <\/div>\n            <\/div>\n            <div class=\"u-container-align-center u-container-style u-list-item u-repeater-item\">\n              <div class=\"u-container-layout u-similar-container u-valign-middle-lg u-valign-middle-md u-valign-middle-sm u-valign-middle-xs u-container-layout-5\">\n                <img decoding=\"async\" alt=\"\" class=\"u-image u-image-contain u-image-default u-image-5\" data-image-width=\"218\" data-image-height=\"231\" src=\"https:\/\/polaris-mh.ro\/wp-content\/uploads\/2025\/05\/costinesti-2.jpeg\">\n                <a href=\"https:\/\/polaris-mh.ro\/index.php\/costinesti-2\/\" class=\"u-border-1 u-border-custom-color-2 u-btn u-btn-round u-button-style u-custom-font u-font-raleway u-hover-custom-color-2 u-radius u-text-black u-btn-5\" data-animation-name=\"customAnimationIn\" data-animation-duration=\"1000\" data-animation-delay=\"0\">COSTINE\u0218TI<\/a>\n              <\/div>\n            <\/div>\n            <div class=\"u-container-style u-list-item u-repeater-item\">\n              <div class=\"u-container-layout u-similar-container u-valign-middle-lg u-valign-middle-md u-valign-middle-sm u-valign-middle-xs u-container-layout-6\">\n                <img decoding=\"async\" alt=\"\" class=\"u-image u-image-contain u-image-default u-image-6\" data-image-width=\"316\" data-image-height=\"316\" src=\"https:\/\/polaris-mh.ro\/wp-content\/uploads\/2025\/05\/mangalia-2.png\">\n                <a href=\"https:\/\/polaris-mh.ro\/index.php\/mangalia-2\/\" class=\"u-border-1 u-border-custom-color-2 u-btn u-btn-round u-button-style u-custom-font u-font-raleway u-hover-custom-color-2 u-radius u-text-black u-btn-6\" data-animation-name=\"customAnimationIn\" data-animation-duration=\"1000\" data-animation-delay=\"0\">MANGALIA<\/a>\n              <\/div>\n            <\/div>\n            <div class=\"u-container-style u-list-item u-repeater-item\">\n              <div class=\"u-container-layout u-similar-container u-valign-middle-lg u-valign-middle-md u-valign-middle-sm u-valign-middle-xs u-container-layout-7\">\n                <img decoding=\"async\" alt=\"\" class=\"u-image u-image-contain u-image-default u-image-7\" data-image-width=\"376\" data-image-height=\"490\" src=\"https:\/\/polaris-mh.ro\/wp-content\/uploads\/2025\/05\/navodari-2.png\">\n                <a href=\"https:\/\/polaris-mh.ro\/index.php\/navodari-2\/\" class=\"u-border-1 u-border-custom-color-2 u-btn u-btn-round u-button-style u-custom-font u-font-raleway u-hover-custom-color-2 u-radius u-text-black u-btn-7\" data-animation-name=\"customAnimationIn\" data-animation-duration=\"1000\" data-animation-delay=\"0\">N\u0102VODARI<\/a>\n              <\/div>\n            <\/div>\n            <div class=\"u-container-style u-list-item u-repeater-item\">\n              <div class=\"u-container-layout u-similar-container u-valign-middle-lg u-valign-middle-md u-valign-middle-sm u-valign-middle-xs u-container-layout-8\">\n                <img decoding=\"async\" alt=\"\" class=\"custom-expanded u-image u-image-contain u-image-default u-image-8\" data-image-width=\"1000\" data-image-height=\"378\" src=\"https:\/\/polaris-mh.ro\/wp-content\/uploads\/2025\/05\/logo-pestisani-3.jpg\">\n                <a href=\"https:\/\/polaris-mh.ro\/index.php\/pestisani\/\" class=\"u-border-1 u-border-custom-color-2 u-btn u-btn-round u-button-style u-custom-font u-font-raleway u-hover-custom-color-2 u-radius u-text-black u-btn-8\" data-animation-name=\"customAnimationIn\" data-animation-duration=\"1000\" data-animation-delay=\"0\">PE\u0218TI\u0218ANI<\/a>\n              <\/div>\n            <\/div>\n            <div class=\"u-container-style u-list-item u-repeater-item\">\n              <div class=\"u-container-layout u-similar-container u-valign-middle-lg u-valign-middle-md u-valign-middle-sm u-valign-middle-xs u-container-layout-9\">\n                <img decoding=\"async\" alt=\"\" class=\"custom-expanded u-image u-image-contain u-image-default u-image-9\" data-image-width=\"249\" data-image-height=\"372\" src=\"https:\/\/polaris-mh.ro\/wp-content\/uploads\/2025\/05\/targujiu-2.png\">\n                <a href=\"https:\/\/polaris-mh.ro\/index.php\/targu-jiu\/\" class=\"u-border-1 u-border-custom-color-2 u-btn u-btn-round u-button-style u-custom-font u-font-raleway u-hover-custom-color-2 u-radius u-text-black u-btn-9\" data-animation-name=\"customAnimationIn\" data-animation-duration=\"1000\" data-animation-delay=\"0\">T\u00c2RGU JIU<\/a>\n              <\/div>\n            <\/div>\n            <div class=\"u-container-style u-list-item u-repeater-item\">\n              <div class=\"u-container-layout u-similar-container u-valign-middle-lg u-valign-middle-md u-valign-middle-sm u-valign-middle-xs u-container-layout-10\">\n                <img decoding=\"async\" alt=\"\" class=\"custom-expanded u-image u-image-contain u-image-default u-image-10\" data-image-width=\"600\" data-image-height=\"917\" src=\"https:\/\/polaris-mh.ro\/wp-content\/uploads\/2025\/05\/targumures-2.png\">\n                <a href=\"https:\/\/polaris-mh.ro\/index.php\/judet-mures-zona-2-targu-mures\/\" class=\"u-border-1 u-border-custom-color-2 u-btn u-btn-round u-button-style u-custom-font u-font-raleway u-hover-custom-color-2 u-radius u-text-black u-btn-10\" data-animation-name=\"customAnimationIn\" data-animation-duration=\"1000\" data-animation-delay=\"0\"> MURE\u0218 ZONA 2<br>T\u00c2RGU MURE\u0218\n                <\/a>\n              <\/div>\n            <\/div>\n            <div class=\"u-container-style u-list-item u-repeater-item\">\n              <div class=\"u-container-layout u-similar-container u-valign-middle-lg u-valign-middle-md u-valign-middle-sm u-valign-middle-xs u-container-layout-11\">\n                <img decoding=\"async\" alt=\"\" class=\"custom-expanded u-image u-image-contain u-image-default u-image-11\" data-image-width=\"1005\" data-image-height=\"1201\" src=\"https:\/\/polaris-mh.ro\/wp-content\/uploads\/2025\/05\/timis-2.png\">\n                <a href=\"https:\/\/polaris-mh.ro\/index.php\/timis-2\/\" class=\"u-border-1 u-border-custom-color-2 u-btn u-btn-round u-button-style u-custom-font u-font-raleway u-hover-custom-color-2 u-radius u-text-black u-btn-11\" data-animation-name=\"customAnimationIn\" data-animation-duration=\"1000\" data-animation-delay=\"0\">TIMI\u0218<\/a>\n              <\/div>\n            <\/div>\n            <div class=\"u-container-style u-list-item u-repeater-item\">\n              <div class=\"u-container-layout u-similar-container u-valign-middle-lg u-valign-middle-md u-valign-middle-sm u-valign-middle-xs u-container-layout-12\">\n                <img decoding=\"async\" alt=\"\" class=\"custom-expanded u-image u-image-contain u-image-default u-image-12\" data-image-width=\"207\" data-image-height=\"243\" src=\"https:\/\/polaris-mh.ro\/wp-content\/uploads\/2025\/05\/vrancea-2.png\">\n                <a href=\"https:\/\/polaris-mh.ro\/index.php\/vrancea-lot-1-zona-focsani\/\" class=\"u-border-1 u-border-custom-color-2 u-btn u-btn-round u-button-style u-custom-font u-font-raleway u-hover-custom-color-2 u-radius u-text-black u-btn-12\" data-animation-name=\"customAnimationIn\" data-animation-duration=\"1000\" data-animation-delay=\"0\"> VRANCEA, LOT 1 -&nbsp;<br>ZONA FOC\u0218ANI\n                <\/a>\n              <\/div>\n            <\/div>\n            <div class=\"u-container-style u-list-item u-repeater-item\">\n              <div class=\"u-container-layout u-similar-container u-valign-middle-lg u-valign-middle-md u-valign-middle-sm u-valign-middle-xs u-container-layout-13\">\n                <img decoding=\"async\" alt=\"\" class=\"custom-expanded u-image u-image-contain u-image-default u-image-13\" data-image-width=\"404\" data-image-height=\"450\" src=\"https:\/\/polaris-mh.ro\/wp-content\/uploads\/2025\/05\/Actual_Tulcea_county_CoA.png\">\n                <a href=\"https:\/\/polaris-mh.ro\/index.php\/judet-tulcea\/\" class=\"u-border-1 u-border-custom-color-2 u-btn u-btn-round u-button-style u-custom-font u-font-raleway u-hover-custom-color-2 u-radius u-text-black u-btn-13\" data-animation-name=\"customAnimationIn\" data-animation-duration=\"1000\" data-animation-delay=\"0\"> Jud. Tulcea,<br>ZONA 1, 2, 3, 4\n                <\/a>\n              <\/div>\n            <\/div>\n          <\/div>\n        <\/div>\n      <\/div>\n    <\/section>\n    \n    \n    \n    \n  \n<\/div><\/div>","protected":false},"excerpt":{"rendered":"<p>Factur\u0103 Electronic\u0103 Activeaz\u0103-\u021bi Factura Electronic\u0103! Factura electronic\u0103 con\u021bine acelea\u0219i informa\u021bii precum factura tiparit\u0103, numai c\u0103 ajunge mult mai repede \u0219i o po\u021bi accesa de oriunde. D\u200bac\u0103 nu ai \u00eenc\u0103 un cont online activ, \u00ee\u021bi po\u021bi crea unul AICI \u00cen vederea activ\u0103rii Coresponden\u021bei \u0219i Facturii electronice, te rug\u0103m s\u0103 selectezi zona din care faci parte \u0219i [&hellip;]<\/p>\n","protected":false},"author":1,"featured_media":0,"parent":0,"menu_order":0,"comment_status":"closed","ping_status":"closed","template":"elementor_header_footer","meta":{"footnotes":""},"class_list":["post-979","page","type-page","status-publish","hentry"],"_links":{"self":[{"href":"https:\/\/polaris-mh.ro\/index.php\/wp-json\/wp\/v2\/pages\/979","targetHints":{"allow":["GET"]}}],"collection":[{"href":"https:\/\/polaris-mh.ro\/index.php\/wp-json\/wp\/v2\/pages"}],"about":[{"href":"https:\/\/polaris-mh.ro\/index.php\/wp-json\/wp\/v2\/types\/page"}],"author":[{"embeddable":true,"href":"https:\/\/polaris-mh.ro\/index.php\/wp-json\/wp\/v2\/users\/1"}],"replies":[{"embeddable":true,"href":"https:\/\/polaris-mh.ro\/index.php\/wp-json\/wp\/v2\/comments?post=979"}],"version-history":[{"count":7,"href":"https:\/\/polaris-mh.ro\/index.php\/wp-json\/wp\/v2\/pages\/979\/revisions"}],"predecessor-version":[{"id":1767,"href":"https:\/\/polaris-mh.ro\/index.php\/wp-json\/wp\/v2\/pages\/979\/revisions\/1767"}],"wp:attachment":[{"href":"https:\/\/polaris-mh.ro\/index.php\/wp-json\/wp\/v2\/media?parent=979"}],"curies":[{"name":"wp","href":"https:\/\/api.w.org\/{rel}","templated":true}]}}